31, 47, 4679
What are the prime factors of 1045952880?
2, 3, 5, 7, 17, 53, 691
What are the prime factors of 811273948?
2, 43, 4716709
What are the prime factors of 335279958?
2, 3, 13, 4298461
List the prime factors of 48134916.
2, 3, 199, 6719
List the prime factors of 49370350.
2, 5, 61, 16187
List the prime factors of 5164585641.
3, 573842849
List the prime factors of 20322110.
2, 5, 23, 149, 593
What are the prime factors of 23955420?
2, 3, 5, 23, 17359
What are the prime factors of 5296618526?
2, 23, 115143881
List the prime factors of 161306203.
151, 1068253
What are the prime factors of 265706876?
2, 66426719
List the prime factors of 5328184193.
19, 14759513
List the prime factors of 28123282.
2, 11, 881, 1451
What are the prime factors of 77586074?
2, 599, 64763
List the prime factors of 1632080683.
127, 12851029
What are the prime factors of 62601875?
5, 7, 41, 349
What are the prime factors of 76082084?
2, 13, 1463117
List the prime factors of 47186216.
2, 7, 11, 31, 353
What are the prime factors of 30774687?
3, 79, 89, 1459
What are the prime factors of 1576731881?
761, 2071921
What are the prime factors of 2701104601?
13, 207777277
List the prime factors of 21697708.
2, 1489, 3643
What are the prime factors of 40130569?
40130569
What are the prime factors of 826617319?
11, 197, 349, 1093
What are the prime factors of 131011596?
2, 3, 3639211
What are the prime factors of 488035426?
2, 1499, 162787
List the prime factors of 605462831.
53, 11423827
What are the prime factors of 284766317?
11, 223, 116089
What are the prime factors of 156563978?
2, 78281989
List the prime factors of 295823968.
2, 11, 331, 2539
What are the prime factors of 117574210?
2, 5, 13, 17, 53201
List the prime factors of 50459777.
67, 197, 3823
List the prime factors of 393658100.
2, 5, 11, 113, 3167
List the prime factors of 33484661.
7, 4783523
List the prime factors of 348521485.
5, 13, 97, 167, 331
List the prime factors of 290228740.
2, 5, 37, 392201
List the prime factors of 163224111.
3, 54408037
List the prime factors of 571810201.
587, 974123
What are the prime factors of 70550261?
53, 727, 1831
What are the prime factors of 163340756?
2, 23, 131, 13553
What are the prime factors of 248083368?
2, 3, 13, 795139
List the prime factors of 86642160.
2, 3, 5, 11, 37, 887
What are the prime factors of 1332189522?
2, 3, 19, 3895291
List the prime factors of 32093134.
2, 37, 67, 6473
List the prime factors of 1080791270.
2, 5, 13, 1979, 4201
List the prime factors of 1738827012.
2, 3, 13, 2693, 4139
What are the prime factors of 2587960017?
3, 95850371
List the prime factors of 60038591.
60038591
What are the prime factors of 831033032?
2, 17, 547, 11171
List the prime factors of 199198146.
2, 3, 7, 17, 157, 1777
List the prime factors of 64364728.
2, 193, 41687
What are the prime factors of 397527887?
397527887
List the prime factors of 1066957898.
2, 433, 691, 1783
List the prime factors of 92016709.
92016709
What are the prime factors of 3110816172?
2, 3, 227, 1142003
List the prime factors of 1591404066.
2, 3, 7, 383, 673
List the prime factors of 48781529.
48781529
What are the prime factors of 11012828?
2, 37, 74411
List the prime factors of 53556382.
2, 11, 2434381
What are the prime factors of 150486178?
2, 37, 281, 7237
List the prime factors of 170456847.
3, 11, 19, 271861
What are the prime factors of 110654367?
3, 41, 167, 5387
List the prime factors of 2585600583.
3, 563, 1530847
List the prime factors of 55425097.
7, 13, 609067
List the prime factors of 140795789.
4679, 30091
List the prime factors of 446691853.
211, 359, 5897
List the prime factors of 7340295360.
2, 3, 5, 17, 449773
List the prime factors of 243128550.
2, 3, 5, 7, 231551
List the prime factors of 169841721.
3, 7, 41, 197261
List the prime factors of 87960393.
3, 29, 337013
What are the prime factors of 163450343?
7, 293, 79693
List the prime factors of 1173793489.
11, 43, 113, 21961
List the prime factors of 471947612.
2, 19, 6209837
List the prime factors of 63692192.
2, 1990381
What are the prime factors of 267653159?
1129, 237071
List the prime factors of 835883091.
3, 30958633
List the prime factors of 2542042668.
2, 3, 11, 127, 151637
What are the prime factors of 415880788?
2, 103970197
List the prime factors of 45011840.
2, 5, 53, 1327
List the prime factors of 57282141.
3, 7, 31, 87991
List the prime factors of 4059303546.
2, 3, 3779, 179029
What are the prime factors of 620149464?
2, 3, 11, 701, 1117
What are the prime factors of 57746206?
2, 7, 19, 31013
List the prime factors of 42566634.
2, 3, 11, 23887
List the prime factors of 1245181864.
2, 17, 9155749
What are the prime factors of 637933393?
7727, 82559
What are the prime factors of 155197390?
2, 5, 739, 21001
List the prime factors of 23118907.
7, 43, 89, 863
What are the prime factors of 140140799?
140140799
What are the prime factors of 3231219853?
3231219853
List the prime factors of 49967381.
31, 1611851
List the prime factors of 30764854.
2, 107, 233, 617
What are the prime factors of 3211915022?
2, 31, 97, 534073
List the prime factors of 130683149.
37, 43, 82139
List the prime factors of 51863617.
13, 17, 109, 2153
List the prime factors of 8263603.
271, 30493
What are the prime factors of 3666221926?
2, 1637, 1119799
List the prime factors of 1008611362.
2, 11, 73, 659, 953
List the prime factors of 926327024.
2, 7, 23, 359599
List the prime factors of 4181576910.
2, 3, 5, 7, 19912271
What are the prime factors of 1060499077?
11, 96409007
What are the prime factors of 30685275?
3, 5, 136379
List the prime factors of 21753166.
2, 17, 251, 2549
List the prime factors of 36277472.
2, 7, 11, 14723
What are the prime factors of 106864489?
2543, 42023
List the prime factors of 483675477.
3, 161225159
What are the prime factors of 2998914559?
2998914559
List the prime factors of 224251905.
3, 5, 1543, 9689
What are the prime factors of 306174539?
11, 17, 661, 2477
What are the prime factors of 233060194?
2, 19, 6133163
What are the prime factors of 9393367?
17, 32503
What are the prime factors of 3069692721?
3, 37897441
What are the prime factors of 1175890525?
5, 19, 23, 37, 2909
List the prime factors of 52056918.
2, 3, 43, 47, 53
What are the prime factors of 179672076?
2, 3, 4990891
What are the prime factors of 2709089783?
31, 87389993
List the prime factors of 543842462.
2, 271921231
List the prime factors of 2882371013.
9539, 302167
What are the prime factors of 915558943?
13, 61, 1154551
What are the prime factors of 65848909?
7, 179, 52553
What are the prime factors of 5156233349?
41, 125761789
List the prime factors of 226741383.
3, 11, 19, 23, 1747
What are the prime factors of 3806098?
2, 139, 13691
What are the prime factors of 994367855?
5, 13, 23, 97, 6857
List the prime factors of 27109522.
2, 11, 43, 28657
List the prime factors of 94206096.
2, 3, 654209
What are the prime factors of 8216199300?
2, 3, 5, 27387331
List the prime factors of 184061333.
184061333
List the prime factors of 1338856359.
3, 37, 12061769
What are the prime factors of 1919420?
2, 5, 95971
List the prime factors of 101500757.
101500757
List the prime factors of 37620544.
2, 13, 103, 439
List the prime factors of 77749811.
77749811
What are the prime factors of 3690974690?
2, 5, 13, 28392113
What are the prime factors of 117302287?
117302287
List the prime factors of 267172148.
2, 19, 67, 71, 739
List the prime factors of 246037126.
2, 79, 131, 11887
What are the prime factors of 61727196?
2, 3, 29, 89, 1993
What are the prime factors of 115727300?
2, 5, 13, 89021
What are the prime factors of 421522329?
3, 683, 205721
List the prime factors of 42467334.
2, 3, 7, 13, 31, 193
List the prime factors of 120639661.
1249, 96589
What are the prime factors of 297269381?
297269381
What are the prime factors of 110679004?
2, 27669751
What are the prime factors of 24929140?
2, 5, 17, 19, 227
What are the prime factors of 4761603193?
31, 73, 2104111
List the prime factors of 4843184.
2, 421, 719
List the prime factors of 153388701.
3, 263, 21601
List the prime factors of 261786875.
5, 7, 53, 1129
What are the prime factors of 2269971?
3, 11, 7643
List the prime factors of 2971053314.
2, 17, 87383921
What are the prime factor